- -1) + 3). What is the greatest common divisor of 55 and m?
5
Let s be (7 + (2 - 1))*-2. Let g = -14 - s. Suppose -g*d = -0*d - 150. What is the highest common divisor of 15 and d?
15
Suppose 33 = 5*p - 4*g, 4*p - 15 = 2*p + g. Suppose p = 2*d - 15. Calculate the greatest common factor of d and 108.
12
Let w = 264 - 134. Let k = w + -53. Calculate the highest common divisor of k and 11.
11
Suppose 4*s + 3*x + 62 = 2*x, 4 = 2*x. Let h = s + 35. Calculate the greatest common divisor of h and 152.
19
Let o(r) = 2*r + 7. Let p(a) = 3*a + 11. Let n(k) = -7*o(k) + 5*p(k). Let w = -8 + 5. Let q be n(w). Calculate the greatest common divisor of 1 and q.
1
Let p = -3 + 5. Suppose -p*r + 0*r + 10 = 0. Suppose 90 + 10 = 5*a. What is the highest common factor of r and a?
5
Suppose -2 = 3*b - 11. Suppose -i - 24 = -5*d - 0*d, -d = b*i + 8. What is the highest common divisor of d and 20?
4
Suppose 2*x - 3*o - 2 = -4, 2*x = -o + 6. Suppose -d = -x*v + 36 - 6, 5*v - 2*d - 76 = 0. Calculate the greatest common divisor of 112 and v.
16
Let z(h) = -25*h + 3. Let s be z(-7). Suppose k + 47 - s = -5*v, -v = k - 23. What is the highest common divisor of 36 and v?
9
Let p be (5 + 4)/(2/(-4)). Let b be 12*(-2 - p/8). What is the greatest common factor of 30 and b?
3
Let d = 176 + -102. Let k = -9 + d. Let p be 17 - 4*(3 + -2). What is the greatest common divisor of p and k?
13
Let g be (-2 - 3)*3/5. Let i be (-3)/(g/10)*7. Let p be (6 + -1)*(1 + 1). Calculate the greatest common divisor of p and i.
10
Suppose 0 = 18*f - 38 - 147 + 23. Let b(k) = -3*k**3 + 3*k. Let p be b(-3). Suppose l = -l + p. Calculate the greatest common factor of l and f.
9
Let a = 48 + -7. Suppose -3*b + 272 = a. Suppose 8*n - 27 = b. What is the highest common divisor of 104 and n?
13
Let j(x) = -2*x**3 + 2*x**2 - 3*x. Let h be j(2). Let y(t) = -3*t - 26. Let v be y(h). Calculate the highest common divisor of v and 24.
8
Suppose 5*z = -2*u + 104, -36 = -2*z + 4*u - 4. Calculate the highest common divisor of 110 and z.
10
Let y = 674 + -578. Calculate the greatest common factor of 384 and y.
96
Suppose 4*d - 488 = -2*a, 239 = a - 21*d + 22*d. What is the highest common divisor of a and 30?
6
Let h be ((-248)/(-10))/((-4)/30). Let i be 1/(-4) + h/(-8). What is the highest common divisor of 253 and i?
23
Let y be ((-3)/6)/((-1)/2). Let b be (-52)/(-7) - 30/70. Calculate the greatest common divisor of y and b.
1
Let k(d) = -3*d + 90. Let f be k(16). Calculate the greatest common divisor of 49 and f.
7
Suppose 2*o = -8 + 24. Let t(j) = j**2 + 8*j + 6. Let s be t(-7). Let d be 2 + s - (-82 + -5). Calculate the highest common factor of o and d.
8
Let o(h) = -81*h - 1. Let a be ((-6)/18)/((-1)/(-3)). Let u be o(a). Calculate the greatest common divisor of u and 16.
16
Suppose -2*k + 44 = 3*y - 336, 4*k - 382 = -3*y. Let l = -456 - -470. Calculate the highest common factor of y and l.
14
Suppose -6*i + 95 = 35. Calculate the greatest common divisor of i and 430.
10
Let f be (-2)/3 - (3 - (-476)/(-21)). Let n(i) = 4*i - 63. Let k be n(f). Calculate the greatest common divisor of 117 and k.
13
Suppose -14*r - 128 = -30*r. Calculate the highest common divisor of 144 and r.
8
Let y = 190 + -1009. Let x = -491 - y. Calculate the greatest common divisor of x and 41.
41
Suppose 3*j - 5570 = r, -4*j + 7422 = 4*r - 3*r. What is the highest common divisor of 58 and j?
58
Suppose -x = 5*p - 159, 0*p + 2*p + 3*x = 61. Calculate the highest common factor of 4 and p.
4
Let a(l) = 3*l**2 + 4*l - 6. Let d be a(6). Let q = 45 + -24. Calculate the greatest common divisor of q and d.
21
Let d(k) = k**3 - 2*k**2 - 7*k + 6. Let p be d(6). Let l = 82 - 70. What is the highest common divisor of p and l?
12
Suppose -4*c + 316 = -3*b, -4*c - 2*b + 308 = -7*b. What is the greatest common divisor of 123 and c?
41
Suppose -52 = -2*q - 2*q + 3*v, 0 = -3*q + 2*v + 38. Suppose q*g = 2*g + 312. Calculate the highest common divisor of 351 and g.
39
Suppose 0 = d + 5*n - 457, -5*d + 971 = -n - 1210. Calculate the highest common factor of d and 23.
23
Suppose -5*r - 22*l + 876 = -23*l, 1230 = 7*r - 5*l. What is the greatest common factor of 35 and r?
35
Let f = 22 + -17. Suppose -f*t + 14 = -11. Suppose 3*r - 19 = -c - 4*c, -4*c = t*r - 36. What is the greatest common divisor of r and 56?
8
Let x(p) = p**2 + 19*p - 16. Let m be x(-21). What is the highest common divisor of 6 and m?
2
Let g(c) = 2*c**3 + 21*c**2 - 7*c - 7. Let b be g(-10). Let i = b + 44. Calculate the highest common factor of i and 23.
23
Let x = -1 - -33. Suppose -2*p - 4 = -6*p. Let t be 4/(-12)*-24*p. What is the highest common divisor of t and x?
8
Suppose -25*c + 720 = 35*c. Calculate the greatest common factor of c and 1308.
12
Suppose 3*w = -34 + 58. Suppose 0 = 2*k - 123 - 21. Calculate the greatest common divisor of w and k.
8
Let g = 34 + -49. Let p be 107/5 - (3 - (-39)/g). What is the greatest common divisor of 42 and p?
21
Let h(a) = -10*a + 274. Let m be h(22). Calculate the highest common factor of 24 and m.
6
Suppose -22*j = -4*j - 2520. What is the greatest common divisor of j and 30?
10
Let z(x) = -15*x**3 - x + 4. Let d be z(-2). What is the highest common divisor of 54 and d?
18
Suppose 63 = 95*p - 92*p. What is the highest common divisor of p and 35?
7
Suppose -8*b = -169 - 119. Suppose -32*c + 36*c = b. What is the highest common divisor of 3 and c?
3
Let s be (-2)/(((-2)/3)/(3/9)). What is the greatest common divisor of 25 and s?
1
Let r(d) = -66*d + 2. Let v be r(-1). Suppose -2*w = 5*t - 0*w - 108, 4*t - 3*w = v. Calculate the greatest common factor of t and 4.
4
Suppose -4*o = -4*u + 104, -4*u = -2*u + 2*o - 36. Calculate the greatest common factor of u and 22.
22
Suppose 4*a - a + 2*k = 227, 4*k = -4*a + 300. Let w(t) = -4*t - 3. Let f be w(4). Let v = -8 - f. What is the highest common divisor of a and v?
11
Suppose -2*x = -0*x + 3*q - 27, 4*q = -x + 26. Suppose 3*f - 12 = 5*f. Let j be (-36)/54 - 148/f. What is the highest common divisor of j and x?
6
Let l(g) = -g**3 - 4*g**2 - 2*g + 4. Let j be l(-2). Suppose -5*a = 4*r - j*r - 1870, 0 = 5*a - 4*r - 1910. Calculate the greatest common divisor of a and 42.
42
Suppose 265*n = 271*n - 4284. What is the highest common divisor of 21 and n?
21
Suppose 26 = 11*x - 29. Let r be 5/(x/2)*(-57)/(-6). What is the greatest common divisor of r and 76?
19
Suppose 1546 = 52*o - 4694. What is the highest common factor of 15 and o?
15
Let p(l) = 5*l**2 - 2*l. Let g be p(3). Let o = g - 33. Calculate the highest common divisor of 6 and o.
6
Suppose 2*u = 2*x + 20 + 2, u - 11 = -5*x. What is the greatest common divisor of u and 341?
11
Let l = -53 + 208. What is the greatest common factor of 62 and l?
31
Suppose -3 = 5*y + 7. Let m be (5 + -2)/((-3)/y). Suppose -m*p + 54 = 4*j - 168, 3*j - 171 = 3*p. Calculate the highest common divisor of j and 7.
7
Let q(s) = s - 3. Let m be q(5). Suppose 7 = 2*l - 13. Let z(u) = u**3 - 9*u**2 - 10*u + 14. Let d be z(l). What is the highest common divisor of m and d?
2
Let n(i) = 181*i - 3. Let o be n(3). Suppose 5*j - 3*t = o, t = -0*t - 5. Let y(d) = 6*d - 3. Let f be y(3). Calculate the greatest common divisor of j and f.
15
Let p(v) = -v**2 + 28*v - 149. Let l be p(16). What is the highest common divisor of l and 903?
43
Let p(y) = -y**2 - 40*y - 246. Let i be p(-22). What is the greatest common divisor of 75 and i?
75
Suppose 0 = 3*u - 3*p - 96, -p = u - 43 + 5. Suppose -2*r + u = -9. What is the greatest common factor of 44 and r?
22
Let k = 970 + -961. Calculate the greatest common factor of k and 477.
9
Let p(x) = -30*x - 27. Let b be p(-6). Let f = 307 - b. Calculate the greatest common factor of f and 22.
22
Suppose -4*s - 3*c + 856 - 173 = 0, 0 = 5*s - c - 849. Let g = 290 - s. Let q = 252 - g. Calculate the highest common divisor of q and 12.
12
Let o(b) = 7*b**2 - b - 2. Let u be o(-1). Suppose -4*c + 40 = 3*y, -4*y + 38 = -4*c - u. Suppose 12 = x - y. What is the highest common divisor of x and 16?
8
Suppose 0*y - y + 40 = 0. Let d be 6/4 - (-21)/14. Suppose 2*i - 13 = d. Calculate the greatest common divisor of y and i.
8
Suppose 5*b = 10, 6*b - 64 = 5*f - 412. Suppose -m + 4 + 20 = 0. What is the greatest common factor of f and m?
24
Suppose -2*i + 211